
597
Convert -6ef (base 16) to base 4.
-123233
What is -50230 (base 6) in base 16?
-19aa
-74 (base 16) to base 2
-1110100
-11787 (base 12) to base 14
-883d
What is -ada (base 16) in base 10?
-2778
-33573 (base 8) to base 11
-a742
6304 (base 11) to base 5
231403
Convert -1010110110011 (base 2) to base 5.
-134210
Convert -17495 (base 11) to base 10.
-24546
What is -11023320 (base 4) in base 13?
-988b
-21020222 (base 3) to base 11
-3a80
Convert 101110110111 (base 2) to base 13.
1499
Convert 10633 (base 7) to base 9.
3651
-1013023 (base 4) to base 8
-10713
Convert 442134 (base 5) to base 8.
35676
-28171 (base 9) to base 4
-10222123
21030 (base 4) to base 9
723
What is 113330 (base 4) in base 13?
90b
Convert 112 (base 10) to base 5.
422
Convert 110110 (base 4) to base 10.
1300
Convert -515 (base 9) to base 6.
-1535
-1534 (base 9) to base 10
-1165
1223 (base 7) to base 8
712
What is 3520 (base 10) in base 5?
103040
Convert -231110 (base 5) to base 6.
-102200
1aa3 (base 16) to base 9
10316
-1000220000 (base 3) to base 15
-6056
Convert -35252 (base 7) to base 8.
-21535
What is 31 (base 10) in base 13?
25
2200223 (base 5) to base 15
b1e3
1231 (base 10) to base 5
14411
-20 (base 5) to base 3
-101
Convert 4015 (base 8) to base 7.
6003
What is -674 (base 9) in base 14?
-2b7
Convert -1021200 (base 3) to base 13.
-570
436 (base 11) to base 3
201101
-21106 (base 7) to base 10
-5200
Convert -535 (base 8) to base 15.
-184
Convert 24 (base 14) to base 13.
26
What is b773 (base 12) in base 10?
20103
220211 (base 5) to base 15
238b
Convert -32c8 (base 15) to base 12.
-628b
Convert -209 (base 14) to base 15.
-1bb
Convert 20313 (base 4) to base 16.
237
-3090 (base 11) to base 7
-14634
What is 11111001001 (base 2) in base 14?
a25
What is 200222 (base 3) in base 9?
628
What is -1377 (base 13) in base 16?
-af2
What is 27157 (base 9) in base 14?
6994
Convert 3110 (base 6) to base 15.
310
What is 132144 (base 5) in base 15?
1884
What is 368 (base 14) in base 7?
1661
Convert -4d (base 14) to base 11.
-63
Convert 11133 (base 4) to base 13.
210
-2405 (base 13) to base 16
-13d3
Convert 5672 (base 9) to base 3.
12202102
What is 923 (base 11) in base 13?
679
What is -1068 (base 12) in base 4?
-130100
Convert -1322 (base 7) to base 14.
-282
What is -67175 (base 8) in base 11?
-1a284
Convert -2273 (base 10) to base 7.
-6425
-825 (base 15) to base 6
-12255
Convert -514 (base 10) to base 15.
-244
Convert 169 (base 11) to base 15.
d1
What is 1001002 (base 3) in base 10?
758
-59282 (base 10) to base 5
-3344112
-4de1 (base 16) to base 9
-30312
What is 25430 (base 7) in base 4?
1221032
b5 (base 13) to base 2
10010100
2295 (base 11) to base 2
101111000000
-148 (base 14) to base 4
-10010
What is -232 (base 12) in base 8?
-506
12a2 (base 11) to base 14
885
-31a (base 15) to base 10
-700
What is 2311020 (base 4) in base 7?
45540
-3012023 (base 4) to base 12
-740b
6483 (base 9) to base 6
34033
Convert -100100111000 (base 2) to base 4.
-210320
What is -2854 (base 13) in base 5?
-141230
Convert 618 (base 15) to base 13.
818
-8638 (base 9) to base 13
-2b79
Convert 20 (base 14) to base 6.
44
Convert 31014 (base 7) to base 11.
5750
7bd (base 14) to base 10
1539
d1 (base 16) to base 3
21202
10615 (base 11) to base 14
586b
What is -30031 (base 4) in base 6?
-3341
Convert 595 (base 13) to base 3.
1022211
Convert e9 (base 16) to base 4.
3221
Convert 102110120 (base 3) to base 15.
2723
What is a1 (base 13) in base 9?
155
2041222 (base 5) to base 8
102221
-414 (base 8) to base 13
-178
223535 (base 7) to base 12
1ab98
Convert -53 (base 8) to base 9.
-47
What is 491 (base 14) in base 3?
1020202
-286 (base 9) to base 6
-1040
9a4c (base 13) to base 11
151a0
What is 1000010001 (base 2) in base 11?
441
What is 5125 (base 7) in base 16?
6f7
What is 645 (base 10) in base 13?
3a8
5044 (base 10) to base 11
3876
Convert 110000111100 (base 2) to base 15.
ddc
Convert -d24 (base 16) to base 4.
-310210
Convert 22 (base 14) to base 16.
1e
Convert -112443 (base 6) to base 10.
-9675
-521 (base 9) to base 7
-1144
Convert -2691 (base 11) to base 13.
-1784
Convert -6001 (base 8) to base 7.
-11650
What is -5f2 (base 16) in base 2?
-10111110010
-20504 (base 7) to base 2
-1001110111011
3548 (base 9) to base 5
41021
Convert 1b601 (base 12) to base 5.
2244414
-2cb (base 16) to base 2
-1011001011
Convert -1054 (base 6) to base 15.
-11a
What is -1ee0 (base 16) in base 11?
-5a36
Convert 341011 (base 5) to base 14.
4538
4a7 (base 14) to base 10
931
-1020021 (base 3) to base 8
-1602
What is -2c49 (base 13) in base 15?
-1dc3
-8604 (base 14) to base 12
-11478
54222 (base 6) to base 8
16406
-8b (base 16) to base 15
-94
What is -111132 (base 5) in base 7?
-14264
What is 6370 (base 11) in base 5?
232201
-212021 (base 5) to base 14
-285a
Convert -10834 (base 15) to base 9.
-78874
Convert 1238 (base 9) to base 15.
41b
Convert 413225 (base 6) to base 8.
100561
Convert 1442 (base 6) to base 4.
12002
What is -1121202 (base 3) in base 14?
-605
Convert -6ba (base 16) to base 6.
-11550
1e (base 16) to base 10
30
What is 34122 (base 6) in base 13?
2255
What is 2513 (base 8) in base 9?
1765
Convert -660 (base 8) to base 3.
-121000
What is 10014 (base 7) in base 14?
c44
What is 1195 (base 12) in base 13?
b99
Convert -1100110 (base 3) to base 7.
-2604
Convert -3593 (base 10) to base 9.
-4832
-607 (base 8) to base 13
-241
Convert 1000111110010 (base 2) to base 3.
20022011
221221 (base 3) to base 4
22330
Convert -140 (base 5) to base 10.
-45
What is -5042 (base 16) in base 13?
-9476
7754 (base 9) to base 10
5719
Convert 841b (base 15) to base 5.
1343201
What is -1d41 (base 14) in base 8?
-12345
Convert -277 (base 13) to base 8.
-664
Convert -2554 (base 6) to base 2.
-1010000110
-15147 (base 8) to base 12
-3ab3
What is -46d (base 15) in base 10?
-1003
Convert -2242 (base 7) to base 13.
-4a8
What is -11303 (base 5) in base 14?
-432
Convert 310a (base 14) to base 9.
12515
Convert -1936 (base 14) to base 15.
-153b
What is 1020212 (base 3) in base 10?
914
What is 1071 (base 12) in base 5?
24223
What is 34132 (base 5) in base 4?
211301
Convert 336 (base 8) to base 13.
141
What is 224213 (base 5) in base 4?
1331322
Convert 1222022221 (base 3) to base 15.
b7bd
What is -110100010110 (base 2) in base 3?
-11121002
Convert 1957 (base 10) to base 14.
9db
Convert -2663a (base 11) to base 6.
-452033
1101001000 (base 2) to base 6
3520
-101100110001101 (base 2) to base 6
-254045
Convert -3e5 (base 15) to base 16.
-37a
Convert -1b35 (base 12) to base 16.
-d19
Convert -4136 (base 8) to base 10.
-2142
What is 31502 (base 7) in base 8?
17161
What is -11601 (base 8) in base 13?
-2371
Convert 10121131 (base 4) to base 15.
550d
What is 2b77 (base 12) in base 4?
1100023
Convert 10670 (base 9) to base 12.
4146
Convert -1011101100000 (base 2) to base 9.
-8178
103110 (base 4) to base 10
1236
55425 (base 6) to base 9
11528
Convert 8788 (base 11) to base 13.
5378
Convert 113640 (base 7) to base 3.
1001012110
Convert -2e05 (base 16) to base 11.
-8940
100111000000 (base 2) to base 6
15320
What is 21211022 (base 3) in base 13?
279b
387 (base 12) to base 9
654
Convert -89b (base 13) to base 12.
-a34
What is -304b (base 16) in base 12?
-71a3
Convert 7ec3 (base 15) to base 4.
12211032
20202010 (base 3) to base 7
20223
What is 433 (base 5) in base 15?
7d
Convert -3a0 (base 15) to base 5.
-11300
6a (base 14) to base 15
64
-250533 (base 6) to base 4
-11123121
What is -110000100 (base 2) in base 14?
-1da
Convert 134313 (base 6) to base 7.
51603
7342 (base 10) to base 14
2966
What is 442 (base 12) in base 2?
1001110010
35b (base 16) to base 13
511
Convert 1314 (base 5) to base 3.
21202
Convert 31244 (base 5) to base 7.
6022
Convert -151332 (base 6) to base 9.
-22022
What is 1141 (base 13) in base 3?
10022121
e9c (base 15) to base 8
6341
-1288 (base 11) to base 15
-764
Convert -1020211212 (base 3) to base 15.
-749e
Convert -1165 (base 14) to base 13.
-14c0
What is -44b (base 15) in base 11?
-803
-305 (base 13) to base 6
-2212
What is 313 (base 16) in base 13?
487
1861 (base 11) to base 10
2366
Convert 2001110100 (base 3) to base 12.
1b490
Convert -77154 (base 8) to base 15.
-98c9
What is 1260 (base 7) in base 11?
3aa
1532 (base 7) to base 16
263
Convert 10023 (base 7) to base 11.
18a9